*t - 5. Give k(t).
9
Suppose -3*i - 3*c + 9 = 0, 3*c - 1 = -i + 4. Let r = i + -2. Suppose -4*d + 2*y + 4 = -r, -20 = 5*y. Let a(h) = -5*h**2 - h. What is a(d)?
-4
Suppose p - 3 + 13 = 0. Let w(o) = -o - 17. Let d be w(p). Let g(n) = -n**2 - 8*n - 8. Give g(d).
-1
Let a(q) = -q - 19. Let d = -86 + 87. Let s be 80/(-5) - -4 - d. Determine a(s).
-6
Suppose -4*q + q - 23 = -o, -25 = 5*q. Let i = o + -18. Let g = -15 - i. Let k(l) = l**3 + 6*l**2 + 5*l + 6. Give k(g).
6
Let q(n) = n**2 - 3. Let g(u) = u**3 + 3*u**2 - 2*u - 7. Let l be g(-3). Let i be (1 - 2)/l*0/(-5). Calculate q(i).
-3
Suppose 3*f + 5*t - 6*t - 20 = 0, 4*t = -8. Suppose h - f = -h. Let v(b) = b**2 + b - 1. Calculate v(h).
11
Let n(o) = -2*o**3 - 13*o**2 + 10*o + 9. Let w be n(-7). Let x(y) = y**2 + 12*y + 8. Calculate x(w).
8
Suppose 4 = -4*d + 6*d. Let o(b) = 7*b**3 + 5*b**2 + 14 - 3*b**3 - 4*b**d - 5*b**3 + b. Calculate o(0).
14
Let z = -2 - 4. Let r(d) = -5*d**3 - 6*d**2 - 6 + 4*d**3 + 5 + 7 + d + 2. Give r(z).
2
Suppose 4*p - 27 = 9. Suppose 8*i - 5*i = p. Let b(x) = 5*x**3 + 3*x**i + x - 7*x**3 - 7 - 5*x**2. Determine b(5).
-2
Let q(c) = -c - 17. Let v(h) = -10*h**2 + 72*h - 22. Let j be v(7). Determine q(j).
-9
Suppose 0 = -6*i - 33 + 51. Let n(t) = -3*t - 3. Determine n(i).
-12
Let c(o) = -o**3 - o**2 + 2. Let s be c(0). Suppose 3*v = s*p - 124, 13 = 5*v + 3. Let h(w) = 6 + p*w**2 - 66*w**2 - w - 2*w. Determine h(-5).
-4
Let f(v) = v**2 - v + 1. Let i(d) = -13 + 24 - 7*d**2 - d**3 + 2*d**3 - 16 + 5*d. Let k(s) = 3*f(s) + i(s). Determine k(4).
6
Let s(b) = -b. Let y(c) = -5*c**3 + 9*c**2 - 9*c - 2. Let u(j) = j**3 + 1. Let p(w) = 6*u(w) + y(w). Let a be p(-10). Let t = 12 + a. Determine s(t).
-6
Let u(r) = r**3 - 7*r**2 - 7*r - 7. Let n(h) = -h**2 - 12*h - 30. Let q be n(-8). Suppose -10 = -j - q. Determine u(j).
1
Suppose 0 = 6*y - 3*y + 15. Let j(b) = 4*b + 19. Let z(o) = o + 1. Let r(s) = y*z(s) + j(s). Let f be (-48)/(-9) - 4/(-6). Calculate r(f).
8
Let i(f) = 15*f**2 + 6*f**2 + 20 + 11*f**2 - 33 - 31*f**2 + f. What is i(0)?
-13
Let w(a) be the third derivative of a**6/120 + a**5/12 - a**4/8 + 3*a**3/2 - 68*a**2. What is w(-6)?
-9
Let h(c) = -c**2 + 7*c + 2. Let j be h(7). Let m be (30/(-4))/(j/(-4)). Let z be (2 + m/(-6))*0. Let p(a) = a**2 + a - 3. Give p(z).
-3
Let t(a) = -15*a + 10. Let v(o) = 29*o - 19. Let d(q) = 7*t(q) + 4*v(q). Determine d(-3).
-39
Suppose -5*l + 0*l = 40. Let f be (-15)/10*l/6. Let g(v) = v**f - 8*v - v**3 - 4 + 2*v + 0*v + 7*v. Calculate g(0).
-4
Let a(l) = -4*l - 2*l - 6 + 4*l. Let i(h) = h. Let f(z) = 3*z + 17. Let p(b) = f(b) + 2*i(b). Let o(c) = -11*a(c) - 4*p(c). Calculate o(4).
6
Let b = -2 - 3. Let k(m) = 18*m + 5. Let l(w) = -22*w - 7. Let h(i) = -5*k(i) - 4*l(i). Give h(b).
13
Let l(w) = 3*w - 6. Let f(x) = -x - 6. Let y be f(-11). Suppose -j + 3*t = 16, y*j + 3*t - t = -29. What is l(j)?
-27
Let y(w) = 2 - 2 + 7 + 9*w + 2. Calculate y(-4).
-27
Let c(z) be the first derivative of -z**4/4 + z**3 - z**2 + 52. Give c(2).
0
Suppose -5 = -8*w + 9*w. Let o(d) = -4 + d**2 + 4*d + 1 - 2. Determine o(w).
0
Let a(u) = -u**3 + 4*u**2 - 2. Let q = 11 - 7. Let y be 40/q*4/5. Suppose 3*g + x = y, -x + 5 = 2*g + 1. What is a(g)?
-2
Suppose 3*s = -4*i - 148 + 13, 6 = 2*s. Let n = i - -43. Let t(v) = v**2 - 9*v + 7. Calculate t(n).
-7
Let m(y) = -y**2 - y + 2. Let u(v) = 13*v - 22. Let w(s) = -m(s) - u(s). Calculate w(9).
-7
Let w be (-36)/(-108) - (-1)/((-3)/(-71)). Let u(b) = 11*b - w*b + 2 + 10*b. What is u(-2)?
8
Let x(b) be the first derivative of 7*b + 4*b**2 + 29 - 12*b**2 + 7*b**2. Determine x(7).
-7
Let k(s) = -42 + 21 - 5 - s - s**2. Determine k(0).
-26
Let p = 15 + -10. Let g(i) = -3*i + 5*i + 4*i**2 - p - 8 - 10*i**2. Let d(n) = -5*n**2 + 3*n - 12. Let h(s) = 5*d(s) - 4*g(s). What is h(6)?
-2
Let i(h) = -13*h**3 - 2*h + 6*h**3 + h**2 + 0 + h**2 + 1. Give i(1).
-6
Let j(d) = d**2 - 3*d - 4. Suppose 0 = 48*c - 54*c + 18. Determine j(c).
-4
Let g(z) = -z**2 + 13. Let v be g(0). Let q(p) = -p**2 + 13*p + 10. Give q(v).
10
Let h(y) = 4*y + 2. Let p(s) = -3*s - 1. Let o(r) = 4*h(r) + 5*p(r). Calculate o(-1).
2
Let p(u) be the first derivative of u**5/24 - u**4/4 - 4*u**3 + 19. Let z(r) be the third derivative of p(r). What is z(-5)?
-31
Let n(h) = -h + 3. Let j be (3/9)/((-1)/15). Let k be (-6)/(-2) - (-2 - j). Let m be (k - (-1 + -3))/1. Calculate n(m).
-1
Let t(x) = -8*x - 6*x + 21*x - 3 - 4*x. Give t(6).
15
Let y(i) = 7*i + 1. Suppose -1 = 28*p - 27*p. Determine y(p).
-6
Let x(j) = 3*j - 44. Let s = -3 - -19. Let r be x(s). Let z(n) be the first derivative of -n**4/4 + 4*n**3/3 - n**2 + 4*n - 1. Give z(r).
-4
Let v(j) = j**3 - 6*j**2 - 5*j - 9. Let w = -602 + 609. Determine v(w).
5
Let v = -31 - -64. Let j(l) = 10*l - v*l + 1 + 12*l + 10*l. Let p(r) = -r**2 - 4*r - 2. Let x be p(-3). Determine j(x).
0
Suppose -3*c + 15 = 0, -c - 2*c = -4*n - 19. Let h = -3 - -2. Let i(l) = -6*l. Let o(f) = f. Let j(v) = h*i(v) - 5*o(v). What is j(n)?
-1
Let b(i) = -2*i**2 + 4*i + 3. Let p(n) = n**2 + n - 2. Let w(j) = -2*b(j) - 5*p(j). What is w(-11)?
26
Suppose -7 - 3 = 2*f - 5*g, f - 2*g + 4 = 0. Suppose 2*a + k = a, f = -4*a - k + 6. Let w(b) = b**3 - 4*b**2 + b. Determine w(a).
-6
Let c(x) = 9*x**3 - 8*x**2 + x + 4. Let h(j) = -11*j**3 + 10*j**2 - 2*j - 5. Let p(v) = -5*c(v) - 4*h(v). What is p(-3)?
18
Let f(r) = 3*r - 13. Let t = 823 - 816. Determine f(t).
8
Let t(w) = w**2 - 3*w. Let u be (5 - 8)*(-6)/(-2). Let i = u - -14. Calculate t(i).
10
Let t(w) = -9*w + 2*w**2 + 9*w**2 + 8*w. Suppose 2*l + 3 = 5*l. Give t(l).
10
Suppose 10*x = -21 + 81. Let y(o) = -o**3 + x - 13*o + 14*o + 4. Suppose 3*g = -0*g. Give y(g).
10
Let v be (-8)/(-2) + -6 + 4. Suppose 0 = -f - t + 3, -t + v = 4. Let o(m) = -4 + m**2 - 5*m**2 + m + f*m**2 - m**3 + 6. Give o(2).
0
Let p(u) be the first derivative of 3/2*u**2 + 2*u + 11. Calculate p(3).
11
Let x(q) = -3*q**2 + 5*q - 3. Suppose 11*j + 12 = 45. Determine x(j).
-15
Let r = 176 - 172. Let g(t) be the third derivative of t**4/4 + t**3/3 + 4*t**2. What is g(r)?
26
Suppose -200 = -4*c - 4. Let z(v) = 17*v**3 + 4*v**2 + 16*v**3 + 6 + 17*v**3 - c*v**3. Give z(-5).
-19
Let n(p) = -8*p - 1. Let j(q) = 7*q. Let w(h) = -6*j(h) - 5*n(h). Determine w(-7).
19
Suppose -4*z + k + 19 = 2*k, 5*z + 4*k - 32 = 0. Let i(q) = -33 + 18 - z*q + 12. Let c(x) = 4*x + 1. Let w be c(-1). What is i(w)?
9
Let a(d) = d**2 - 9*d + 12. Let p(y) = -y**3 + 5*y**2 + 12*y - 27. Let b be p(6). Suppose b + 9 = 3*g + 2*c, -2*c = 4*g - 26. Determine a(g).
4
Suppose 2*j - 6*j = -3*y - 4, -3*j + 3 = 0. Let k(v) = -6 - 9*v + 3*v - v**2 + y. Let r(s) = 25*s + 494. Let q be r(-20). What is k(q)?
-6
Let v(y) = 2*y + 9. Let w(s) be the second derivative of s**5/20 - 3*s**4/4 - s**3/2 + 21*s**2/2 - 15*s. Let r be w(9). Determine v(r).
-3
Let g(k) = k**3 - 6*k**2 - 6*k - 1. Let d = -296 + 303. Calculate g(d).
6
Let m(q) be the first derivative of -4*q**2 + q - 254. Determine m(-1).
9
Suppose 5*g + 19 = 4, -4*g - 14 = -a. Let d(r) = r - r**3 - a*r**3 - r**3. Suppose 4*h + 21 = s, 3*s + 8*h = 11*h + 18. Calculate d(s).
-3
Let x = -964 + 968. Let v(q) = 8*q + 3. Determine v(x).
35
Let u(s) be the first derivative of 5/3*s**3 - 38 + 1/2*s**2 + 2*s + 1/4*s**4. Calculate u(-5).
-3
Let n(g) = g**2 + 12*g - 16. Let o be -5 - (-247)/(-13) - -12. Determine n(o).
-16
Suppose 2*r - 15 = 3*d, -4*r + 4*d + 3 = -17. Let n(w) = -w - 5. What is n(r)?
-5
Let r(g) be the third derivative of 0*g + 0 + 0*g**3 - 1/24*g**4 + 8*g**2 - 1/30*g**5 - 1/40*g**6. Determine r(-1).
2
Suppose f = 2*q - 2, 5 = 5*q + 2*f + 2*f. Let b be q + 0*1/(-2). Let x be -2 - (-3 - -4)/b. Let i(n) = -n**3 - 5*n**2 - 2*n. Determine i(x).
-12
Let p(l) = -l**2 + 4*l + 12. Let i(n) = -4*n**2 + 18*n + 49. Let t(x) = 2*i(x) - 9*p(x). What is t(0)?
-10
Let h be 1 - (0 + -1 - -1). Let r(c) = 21*c + 11. Let l(a) = -13*a - 7. Let j(v) = 8*l(v) + 5*r(v). What is j(h)?
0
Let w = -6683/3 - -2228. Let u(k) be the third derivative of -1/120*k**6 + 0*k + 0 - 12*k**2 - w*k**3 + 1/20*k**5 + 1/6*k**4. Determine u(4).
-2
Let d(r) = -10*r + 24. Let n be d(2). Let h(c) = 4*c**3 - 2*c**2 + 4*c + 3. Let w(a) = -3*a**3 + 3*a**2 - 3*a - 2. Let i(f) = -2*h(f) - 3*w(f). Determine i(n).
-12
Suppose -i = -y - 4, y - i = 4*i. Let n(g) = -2*g**2